77820.
2, 5, 17, 25523
List the prime factors of 399628.
2, 99907
List the prime factors of 407914.
2, 13, 29, 541
List the prime factors of 11469183.
3, 11, 97, 3583
List the prime factors of 77393.
193, 401
What are the prime factors of 11687686?
2, 5843843
List the prime factors of 1682000.
2, 5, 29
List the prime factors of 492926.
2, 7, 137, 257
List the prime factors of 20095630.
2, 5, 149, 13487
List the prime factors of 806365.
5, 7, 23039
List the prime factors of 12744931.
113, 112787
List the prime factors of 1820279.
1820279
List the prime factors of 235195.
5, 17, 2767
What are the prime factors of 248605?
5, 7, 7103
What are the prime factors of 6694961?
7, 13, 73571
List the prime factors of 383463.
3, 137, 311
What are the prime factors of 4349331?
3, 7, 17, 31, 131
List the prime factors of 5521453.
7, 788779
What are the prime factors of 4527365?
5, 59, 103, 149
List the prime factors of 108823.
11, 13, 761
What are the prime factors of 3226953?
3, 1075651
List the prime factors of 25283777.
17, 173, 8597
What are the prime factors of 9140717?
9140717
What are the prime factors of 198829?
198829
What are the prime factors of 337495?
5, 67499
List the prime factors of 572882.
2, 97, 2953
List the prime factors of 883178.
2, 107, 4127
What are the prime factors of 13386964?
2, 331, 10111
What are the prime factors of 89803?
7, 12829
List the prime factors of 426293.
7, 60899
What are the prime factors of 329227?
71, 4637
What are the prime factors of 362100?
2, 3, 5, 17, 71
What are the prime factors of 174366?
2, 3, 3229
What are the prime factors of 294910?
2, 5, 7, 11, 383
What are the prime factors of 996117?
3, 332039
List the prime factors of 21808756.
2, 17, 137, 2341
What are the prime factors of 32499962?
2, 11, 41, 137, 263
List the prime factors of 533542.
2, 29, 9199
What are the prime factors of 721925?
5, 67, 431
List the prime factors of 2706253.
11, 347, 709
List the prime factors of 1024702.
2, 7, 53, 1381
What are the prime factors of 186986?
2, 93493
List the prime factors of 540447.
3, 17, 10597
What are the prime factors of 243522?
2, 3, 83, 163
What are the prime factors of 12520921?
7, 59, 61, 71
What are the prime factors of 3607555?
5, 7, 59, 1747
What are the prime factors of 18357569?
17, 63521
What are the prime factors of 4734015?
3, 5, 11, 13, 2207
List the prime factors of 23698698.
2, 3, 1171, 3373
What are the prime factors of 118474?
2, 37, 1601
List the prime factors of 210857.
210857
List the prime factors of 64271.
64271
What are the prime factors of 74548?
2, 18637
What are the prime factors of 167808?
2, 3, 19, 23
List the prime factors of 28914805.
5, 683, 8467
List the prime factors of 45495.
3, 5, 337
List the prime factors of 299833.
41, 71, 103
What are the prime factors of 5765102?
2, 7, 73, 5641
List the prime factors of 4306217.
19, 226643
What are the prime factors of 138573?
3, 89, 173
What are the prime factors of 5680103?
11, 13, 23, 157
List the prime factors of 6522283.
43, 151681
List the prime factors of 3750087.
3, 11, 19, 5981
List the prime factors of 212751.
3, 7, 11, 307
List the prime factors of 233896.
2, 13, 173
List the prime factors of 619079.
619079
List the prime factors of 1667866.
2, 833933
List the prime factors of 196743.
3, 65581
List the prime factors of 416899.
7, 59557
List the prime factors of 318993.
3, 106331
List the prime factors of 17816418.
2, 3, 211, 4691
What are the prime factors of 427940?
2, 5, 21397
What are the prime factors of 788698?
2, 17, 23197
What are the prime factors of 168340?
2, 5, 19, 443
What are the prime factors of 384792?
2, 3, 16033
What are the prime factors of 2604815?
5, 520963
List the prime factors of 13090035.
3, 5, 7, 59, 2113
List the prime factors of 7197079.
7197079
List the prime factors of 24338914.
2, 167, 72871
What are the prime factors of 26743220?
2, 5, 7, 29, 941
What are the prime factors of 34242?
2, 3, 13, 439
What are the prime factors of 5559617?
7, 794231
List the prime factors of 244471.
244471
What are the prime factors of 3434405?
5, 13, 52837
List the prime factors of 189831.
3, 63277
What are the prime factors of 487268?
2, 61, 1997
List the prime factors of 1340623.
157, 8539
List the prime factors of 23834.
2, 17, 701
What are the prime factors of 123188?
2, 13, 23, 103
What are the prime factors of 5970279?
3, 7, 107, 2657
What are the prime factors of 1643216?
2, 102701
What are the prime factors of 4312649?
11, 392059
What are the prime factors of 2136094?
2, 19, 67, 839
What are the prime factors of 1408852?
2, 43, 8191
List the prime factors of 11411085.
3, 5, 7, 108677
List the prime factors of 3223433.
1721, 1873
List the prime factors of 871791.
3, 290597
What are the prime factors of 6812702?
2, 13, 262027
What are the prime factors of 11692647?
3, 433061
List the prime factors of 8554345.
5, 1710869
What are the prime factors of 2512308?
2, 3, 209359
What are the prime factors of 4074316?
2, 971, 1049
What are the prime factors of 96122?
2, 13, 3697
List the prime factors of 1183613.
1183613
List the prime factors of 78885.
3, 5, 1753
List the prime factors of 1023229.
1023229
List the prime factors of 567850.
2, 5, 41, 277
What are the prime factors of 414678?
2, 3, 11, 61, 103
What are the prime factors of 1985637?
3, 661879
What are the prime factors of 454426?
2, 7, 4637
What are the prime factors of 34516637?
151, 228587
What are the prime factors of 1236756?
2, 3, 23, 4481
List the prime factors of 2428699.
7, 13, 2053
What are the prime factors of 1524875?
5, 11, 1109
What are the prime factors of 28710667?
29, 990023
List the prime factors of 399863.
281, 1423
What are the prime factors of 491526?
2, 3, 7, 47, 83
What are the prime factors of 22909362?
2, 3, 7, 29, 2687
What are the prime factors of 910674?
2, 3, 50593
What are the prime factors of 391377?
3, 7, 18637
What are the prime factors of 20192820?
2, 3, 5, 19, 17713
What are the prime factors of 12075036?
2, 3, 1006253
What are the prime factors of 465173?
465173
What are the prime factors of 269011?
367, 733
What are the prime factors of 275309?
275309
What are the prime factors of 17721419?
17721419
What are the prime factors of 15017790?
2, 3, 5, 19, 26347
List the prime factors of 7565.
5, 17, 89
List the prime factors of 17968456.
2, 11, 17, 12011
List the prime factors of 1935080.
2, 5, 7, 6911
What are the prime factors of 1906255?
5, 13, 29327
List the prime factors of 862577.
631, 1367
What are the prime factors of 353775?
3, 5, 53, 89
List the prime factors of 3062062.
2, 1531031
List the prime factors of 9104593.
733, 12421
What are the prime factors of 832274?
2, 67, 6211
What are the prime factors of 160778?
2, 19, 4231
List the prime factors of 5047272.
2, 3, 7789
List the prime factors of 5536778.
2, 13, 16381
What are the prime factors of 447603?
3, 13, 23, 499
What are the prime factors of 17131408?
2, 7, 152959
What are the prime factors of 161322?
2, 3, 7, 23, 167
What are the prime factors of 12695094?
2, 3, 101, 6983
What are the prime factors of 3944863?
13, 43, 7057
What are the prime factors of 931051?
11, 53, 1597
What are the prime factors of 70693?
7, 10099
What are the prime factors of 7727508?
2, 3, 71551
List the prime factors of 6244023.
3, 199, 10459
List the prime factors of 1618.
2, 809
List the prime factors of 2323807.
359, 6473
List the prime factors of 6421752.
2, 3, 79, 1129
What are the prime factors of 202117?
359, 563
List the prime factors of 18866159.
13, 1451243
What are the prime factors of 650500?
2, 5, 1301
What are the prime factors of 173429?
173429
What are the prime factors of 14893968?
2, 3, 310291
What are the prime factors of 16609079?
113, 146983
What are the prime factors of 185843?
7, 139, 191
What are the prime factors of 4070169?
3, 109, 461
List the prime factors of 27431944.
2, 61, 67, 839
List the prime factors of 1497169.
139, 10771
What are the prime factors of 5668101?
3, 137, 4597
List the prime factors of 187843.
187843
What are the prime factors of 53048?
2, 19, 349
List the prime factors of 2163517.
1453, 1489
List the prime factors of 1872891.
3, 208099
What are the prime factors of 651126?
2, 3, 7, 37, 419
List the prime factors of 22176962.